r when 89 is divided by w?
29
Let g(n) = -6*n - 1. Let s be g(-1). Let l(q) = -2*q + 20. Calculate the remainder when 26 is divided by l(s).
6
Let r(h) = -h**3 + 28*h**2 - 25*h + 58. Let n(w) = 3*w**2 + 3*w - 3. What is the remainder when r(27) is divided by n(-5)?
55
Let m = 1471 + -1388. What is the remainder when 182 is divided by m?
16
Calculate the remainder when 839 is divided by 423/15 - 96/(-120).
27
Suppose 3*a + 0*t - 2 = -t, -3*t = 5*a + 2. Suppose -34 = -2*b - 4*z, a*z = 4*z + 10. What is the remainder when 106 is divided by b?
25
Let s be (2/(-4))/((-8)/208). Calculate the remainder when 0 + 80 - (-10 + s) is divided by 16.
13
Let h(g) = -g**3 + g**2 + 33. Calculate the remainder when 10*13*(-2)/(-4) is divided by h(0).
32
Suppose -1667 = -2*s - 3*s - 4*f, 2*f = -5*s + 1671. What is the remainder when s is divided by 21?
20
Let j = -344 + 350. Let s(n) be the first derivative of -n**4/4 + 8*n**3/3 - 3*n**2/2 - 4*n - 1. What is the remainder when s(j) is divided by 14?
8
Suppose 6 = -3*g, a + 0*g = g + 9. Suppose 2*q = a - 1. Suppose -q*n + n = -92. Calculate the remainder when n is divided by 16.
14
Let r(m) = 16*m - 30. Let x be r(8). Let u = -84 + x. Calculate the remainder when 165 is divided by u.
11
Suppose 4*h + 3 - 43 = 0. Suppose 0 = h*k - 43 - 317. Calculate the remainder when k is divided by 19.
17
What is the remainder when (-45)/(-75)*-5*(-164)/6 is divided by 41?
0
Suppose 2*l - 4*u + 0*u = 0, -2*l - 4*u - 16 = 0. Let w be (-1 - l)/((-3)/(-2)). Suppose -25 = -w*s + 21. What is the remainder when 66 is divided by s?
20
Let r(g) = g**3 + 19*g**2 + 32*g - 14. What is the remainder when 231 is divided by r(-17)?
11
Let x be (1*8)/(-2 - -1). Let o = x - -18. What is the remainder when -1*4/32*-4*34 is divided by o?
7
Let u = -708 - -819. Calculate the remainder when u is divided by 88.
23
Let j(q) = 4*q**2 - 3*q - 2. Let y(r) = 5*r. Let m be y(1). Suppose 215 = m*f - 5*p, -f - 3*p = p - 18. What is the remainder when f is divided by j(-2)?
18
Suppose -3*a - 5*f - 46 = -5*a, 0 = a + 5*f - 38. What is the remainder when a is divided by 3?
1
Let w = -365 - -392. What is the remainder when 28 is divided by w?
1
Suppose i = 3*n + 24, n + 6 + 12 = i. What is the remainder when i is divided by 8?
7
Suppose -2*j + 13 = x - 2*x, -3*x - 2*j = 23. Let f = 33 + -7. Let h = x + f. What is the remainder when 48 is divided by h?
14
Let d = -105 - -153. Let n = 163 - d. Suppose 0*a = a - 29. Calculate the remainder when n is divided by a.
28
Suppose -3*h + 2*l + 4178 = 0, -3*h + 5*l + 4162 = 7*l. What is the remainder when h is divided by 87?
85
Suppose 13*h = 8*h + 25. Suppose 23 = 4*u + h*l, 0*u - 4*u + 11 = l. Calculate the remainder when (u + -3)/1 + 53 is divided by 14.
10
Let s = 1 + 0. Calculate the remainder when (12/(-8))/(s/(-2)) is divided by (-9)/(162/45)*(-4)/5.
1
Calculate the remainder when (3 - -3) + 123 + -4 is divided by 29.
9
What is the remainder when 27 is divided by -7*(-4)/(-3 + 7)?
6
Let d(u) be the third derivative of 19*u**4/24 - 47*u**3/6 + 13*u**2. Calculate the remainder when d(7) is divided by 31.
24
Suppose -2*n = m - 27, -8*n + 6*n + 4*m = -12. Let d be 3 + (-4)/((-8)/18). Suppose -d = 5*r - 177. Calculate the remainder when r is divided by n.
9
Let q be 15/(-9)*9/(-3). Suppose 2*u - q*u + 57 = 0. Suppose -u*d = -16*d - 351. Calculate the remainder when d is divided by 30.
27
What is the remainder when (11 + (-6345)/(-30))*8/10 is divided by 30?
28
Suppose -5*p + 25 = 0, 0*p + 4*p = m - 7. Suppose m = 2*z - 7. What is the remainder when z is divided by 5?
2
Suppose -18 = -4*g - x, -2*g + 7*x - 2 = 2*x. What is the remainder when 12 is divided by g?
0
Suppose g + 46 = 5*x, 2*g + 5*x = x - 36. Let o = 83 - g. Calculate the remainder when o is divided by 37.
35
Let y(n) = 178*n**2 + n - 1. Let m be y(1). Suppose c = -4*g + 312, 3*c = 4*g - 134 - m. What is the remainder when g is divided by 17?
10
Let q be (-8)/(-14) - (-584)/56. Let l(v) = v**2 - 10*v + 21. Calculate the remainder when l(q) is divided by 11.
10
Let n(m) = -m**3 + 14*m**2 + m + 19. Suppose 4*x - 76 = -7*f + 3*f, -8 = -2*f + 4*x. Calculate the remainder when 96 is divided by n(f).
30
Suppose -j - 8 = 2*h, -2*j - 5*h - 17 = -0*j. Calculate the remainder when 137 is divided by 4/3*(-207)/j.
45
Let y(k) = 2*k**3 - 12*k**2 - 6*k + 12. Let f(q) = -q**2 - 9*q + 4. What is the remainder when y(7) is divided by f(-7)?
14
Let t be (1 - 5 - -2)*-1. What is the remainder when (-1)/(t/(-4)) - -136 is divided by 35?
33
Let o(b) = 3*b + 20. Let q be o(-8). Let p(g) = -7*g - 13. Let f(c) = -21*c + 2. Calculate the remainder when f(-2) is divided by p(q).
14
Suppose -2*b + 5*l + 158 = 0, -4*l = 8 + 8. Calculate the remainder when 342 is divided by b.
66
Let y(l) = -l**3 + 9*l**2 - 12*l + 9. Let n = 92 + 100. What is the remainder when n is divided by y(5)?
45
Suppose 5*g = 5*u + 105, -4*g = -g - 5*u - 69. What is the remainder when 2/3 - (-1570)/30 is divided by g?
17
Suppose -5*f + m - 800 = 0, -2*m = -2*f + m - 320. Calculate the remainder when 17 is divided by (-2)/(1*2) + f/(-16).
8
Suppose -5*v - 18 = -3. Suppose 2*x = 1 + 3, -a - x = -4. What is the remainder when a + v + (-132)/(-4) is divided by 17?
15
Suppose 4 = 2*g, 2*g = -2*f - 2*f + 736. Calculate the remainder when f is divided by 63.
57
Suppose -19*m = 16*m - 595. Calculate the remainder when 216 is divided by m.
12
Suppose z + 2*h - 7 = -1, 4*h = -5*z + 30. Let y = 40 - z. Let v = 29 + -20. What is the remainder when y is divided by v?
7
Let p(n) = 2*n. Let s be p(-6). Let y be 9 - s/(4 + 0). Let f = -9 + y. What is the remainder when f is divided by 3?
0
Suppose 3*s - 4*h - 117 = 0, 5*s = -337*h + 335*h + 169. What is the remainder when 802 is divided by s?
32
Let p(y) = 135*y**2 + 4*y + 3. What is the remainder when p(-2) is divided by 109?
99
Let j(h) = 4*h**3 - 219*h**2 - 50*h - 119. Calculate the remainder when j(55) is divided by 4.
0
Let m = 20 - 10. Calculate the remainder when 119 is divided by m.
9
Suppose 6*s - 4*n = 4*s + 36, 4*s - 67 = 3*n. Calculate the remainder when 190 is divided by s.
14
Let a be (-128)/20 - 4/(-10). Let z = a + 8. Suppose 2*h = -3*q - 61 + 319, -q = z*h - 82. Calculate the remainder when q is divided by 15.
13
Let r = 425 + -156. What is the remainder when r is divided by 7?
3
Let l = -1082 - -1098. Calculate the remainder when (-2)/(-6) - (-176)/3 is divided by l.
11
Let q = -40 + 44. Suppose q*m + 52 = 4*t, -4*t + 67 - 21 = -2*m. What is the remainder when t is divided by 4?
2
Suppose 7*o - 471 = 299. What is the remainder when 325 is divided by o?
105
Let i(d) = -d**2 - 10*d + 27. Let o be i(2). Let x(z) = -3*z - z**2 - z**3 + 2*z**2 - 4 + 7*z**2. Calculate the remainder when 94 is divided by x(o).
30
Let q = -31 - -59. Suppose 4*p - 3*y = -0*p + 26, p - 2*y = 9. Calculate the remainder when q is divided by p.
3
Suppose 8*r - 10*r + 44 = 0. Let y(m) = -5*m**2 - 43*m + 18. What is the remainder when y(-8) is divided by r?
20
Suppose 0*t - 3*t + 43 = -2*d, -3*t - 3*d + 18 = 0. Calculate the remainder when 39 is divided by t.
6
Let b(l) = 436*l - 1311*l + 435*l + 437*l + 29. Let k(h) = -h**3 - 3*h**2 - h - 3. Let v be k(-3). Calculate the remainder when b(v) is divided by 8.
5
Let g = 2598 + -2498. What is the remainder when 284 is divided by g?
84
Let n(v) = -2*v**2 - 23*v - 35. What is the remainder when 124 is divided by n(-8)?
19
What is the remainder when (-4 - 9/(-2))*742 is divided by 42?
35
Suppose 2*t = 2*c + 106, 4*t - 3*c = 139 + 72. Calculate the remainder when 1246 is divided by t.
50
Suppose -5*q = -3*p - 2*q + 42, p - 2 = -2*q. What is the remainder when 61 is divided by p?
1
Suppose 5*s + k - 95 = 0, 22*k - 24*k = -s + 30. Calculate the remainder when 859 is divided by s.
19
Let z(y) = y + 44. What is the remainder when z(-15) is divided by 18?
11
What is the remainder when 362 + -1 + 43 + -42 is divided by 29?
14
Calculate the remainder when 440/3*4*(-6)/(-20) is divided by 167.
9
Let u(w) = -2*w**2 - 12*w + 8. Let x be u(-6). Calculate the remainder when 10 is divided by (-4)/8*6 + x + 2.
3
Let u be 1/(-2 + (81/13)/3). Suppose -2*x = 3*s - 86 + 5, x - u = 4*s. Calculate the remainder when x is divided by 7.
5
Let k = 5 - -6. Let m(l) = 